reds digit of 502?
5
What is the units digit of 571?
1
What is the units digit of 2844?
4
What is the thousands digit of 19816?
9
What is the units digit of 723?
3
What is the hundreds digit of 12537?
5
What is the thousands digit of 6895?
6
What is the thousands digit of 143704?
3
What is the hundreds digit of 29544?
5
What is the thousands digit of 3918?
3
What is the tens digit of 55602?
0
What is the units digit of 1066?
6
What is the tens digit of 774?
7
What is the hundreds digit of 31713?
7
What is the units digit of 3821?
1
What is the hundreds digit of 1043?
0
What is the units digit of 754?
4
What is the hundreds digit of 17419?
4
What is the tens digit of 40?
4
What is the tens digit of 10133?
3
What is the units digit of 3137?
7
What is the units digit of 275?
5
What is the thousands digit of 116906?
6
What is the tens digit of 458?
5
What is the units digit of 9885?
5
What is the hundreds digit of 1139?
1
What is the tens digit of 157?
5
What is the hundreds digit of 6456?
4
What is the tens digit of 51371?
7
What is the thousands digit of 29401?
9
What is the hundreds digit of 1213?
2
What is the tens digit of 1894?
9
What is the hundreds digit of 179?
1
What is the tens digit of 524?
2
What is the thousands digit of 1777?
1
What is the ten thousands digit of 27844?
2
What is the tens digit of 6274?
7
What is the tens digit of 899?
9
What is the hundreds digit of 23390?
3
What is the tens digit of 1289?
8
What is the ten thousands digit of 60822?
6
What is the units digit of 343?
3
What is the hundreds digit of 2019?
0
What is the thousands digit of 10792?
0
What is the tens digit of 3884?
8
What is the ten thousands digit of 60918?
6
What is the hundreds digit of 801?
8
What is the units digit of 3?
3
What is the units digit of 1184?
4
What is the units digit of 6875?
5
What is the hundreds digit of 4250?
2
What is the hundreds digit of 6022?
0
What is the units digit of 3953?
3
What is the tens digit of 169355?
5
What is the tens digit of 115800?
0
What is the tens digit of 2325?
2
What is the units digit of 298?
8
What is the hundreds digit of 5799?
7
What is the tens digit of 44923?
2
What is the units digit of 17409?
9
What is the units digit of 4140?
0
What is the units digit of 9?
9
What is the ten thousands digit of 76283?
7
What is the ten thousands digit of 14449?
1
What is the units digit of 1889?
9
What is the hundreds digit of 14490?
4
What is the hundreds digit of 18473?
4
What is the hundreds digit of 2000?
0
What is the units digit of 31?
1
What is the thousands digit of 10047?
0
What is the hundreds digit of 285?
2
What is the tens digit of 483?
8
What is the hundreds digit of 3772?
7
What is the tens digit of 30948?
4
What is the units digit of 3901?
1
What is the hundreds digit of 2105?
1
What is the thousands digit of 13539?
3
What is the thousands digit of 8825?
8
What is the tens digit of 8330?
3
What is the hundreds digit of 933?
9
What is the units digit of 400?
0
What is the tens digit of 1696?
9
What is the units digit of 10102?
2
What is the tens digit of 48?
4
What is the units digit of 985?
5
What is the hundreds digit of 651?
6
What is the thousands digit of 1093?
1
What is the thousands digit of 117314?
7
What is the thousands digit of 1402?
1
What is the units digit of 12209?
9
What is the thousands digit of 45308?
5
What is the hundreds digit of 1696?
6
What is the tens digit of 1169?
6
What is the tens digit of 3493?
9
What is the tens digit of 16109?
0
What is the hundreds digit of 21068?
0
What is the units digit of 2603?
3
What is the units digit of 754?
4
What is the thousands digit of 37693?
7
What is the units digit of 4370?
0
What is the tens digit of 47767?
6
What is the tens digit of 52677?
7
What is the units digit of 332?
2
What is the units digit of 6726?
6
What is the units digit of 12543?
3
What is the hundreds digit of 57308?
3
What is the hundreds digit of 56965?
9
What is the thousands digit of 1288?
1
What is the hundreds digit of 7953?
9
What is the thousands digit of 24087?
4
What is the tens digit of 3972?
7
What is the units digit of 671?
1
What is the hundreds digit of 1109?
1
What is the thousands digit of 2889?
2
What is the units digit of 45607?
7
What is the hundreds digit of 92886?
8
What is the hundreds digit of 20637?
6
What is the units digit of 1658?
8
What is the thousands digit of 1865?
1
What is the tens digit of 26176?
7
What is the ten thousands digit of 101851?
0
What is the tens digit of 1101?
0
What is the hundreds digit of 846?
8
What is the tens digit of 4352?
5
What is the hundreds digit of 2119?
1
What is the thousands digit of 6237?
6
What is the tens digit of 157846?
4
What is the units digit of 5036?
6
What is the units digit of 24130?
0
What is the units digit of 162?
2
What is the hundreds digit of 25960?
9
What is the hundreds digit of 5756?
7
What is the thousands digit of 3182?
3
What is the units digit of 7067?
7
What is the thousands digit of 9424?
9
What is the hundreds digit of 2019?
0
What is the hundreds digit of 1272?
2
What is the hundreds digit of 9506?
5
What is the thousands digit of 3549?
3
What is the tens digit of 20436?
3
What is the thousands digit of 30032?
0
What is the hundreds digit of 810?
8
What is the tens digit of 2485?
8
What is the thousands digit of 4126?
4
What is the tens digit of 19509?
0
What is the hundreds digit of 1707?
7
What is the units digit of 488?
8
What is the tens digit of 1288?
8
What is the units digit of 38027?
7
What is the tens digit of 1466?
6
What is the tens digit of 1478?
7
What is the units digit of 1934?
4
What is the ten thousands digit of 90466?
9
What is the ten thousands digit of 14512?
1
What is the hundreds digit of 19802?
8
What is the units digit of 26278?
8
What is the tens digit of 1106?
0
What is the thousands digit of 38487?
8
What is the tens digit of 2917?
1
What is the hundreds digit of 23374?
3
What is the units digit of 7?
7
What is the units digit of 3127?
7
What is the thousands digit of 17687?
7
What is the units digit of 1445?
5
What is the tens digit of 1615?
1
What is the hundreds digit of 1543?
5
What is the thousands digit of 1107?
1
What is the tens digit of 57893?
9
What is the tens digit of 12420?
2
What is the tens digit of 393?
9
What is the tens digit of 387?
8
What is the thousands digit of 4141?
4
What is the units digit of 1809?
9
What is the tens digit of 92454?
5
What is the units digit of 7267?
7
What is the hundreds digit of 890?
8
What is the tens digit of 72891?
9
What is the hundreds digit of 13712?
7
What is the tens digit of 545?
4
What is the units digit of 751?
1
What is the units digit of 1537?
7
What is the units digit of 9462?
2
What is the hundreds digit of 1151?
1
What is the hundreds digit of 3884?
8
What is the hundreds digit of 13449?
4
What is the tens digit of 18533?
3
What is the hundred thousands digit of 133876?
1
What is the hundreds digit of 5844?
8
What is the units digit of 3238?
8
What is the ten thousands digit of 85167?
8
What is the units digit of 1019?
9
What is the hundreds digit of 33999?
9
What is the tens digit of 2516?
1
What is the hundreds digit of 214?
2
What is the tens digit of 45928?
2
What is the units digit of 8155?
5
What is the tens digit of 4065?
6
What is the tens digit of 6006?
0
What is the tens digit of 21124?
2
What is the tens digit of 37001?
0
What is the hundreds digit of 7146?
1
What is the hundreds digit of 9111?
1
What is the tens digit of 21213?
1
What is the thousands digit of 12832?
2
What is the hundreds digit of 862?
8
What is the units digit of 1513?
3
What is the tens digit of 152?
5
What is the tens digit of 1373?
7
What is the units digit of 2676?
6
What is the tens digit of 486?
8
What is the hundreds digit of 4473?
4
What is the thousands digit of 2097?
2
What is the ten thousands digit of 19433?
1
What is the tens digit of 80?
8
What is the units digit of 993?
3
What is the units digit of 3630?
0
What is the tens digit of 1632?
3
What is the thousands digit of 1138?
1
What is the units digit of 7822?
2
What is the units digit of 4847?
7
What is the tens digit of 5092?
9
What is the units digit of 12166?
6
What is the units digit of 187243?
3
What is the hundred thousands digit of 1763